{"id":3167,"date":"2019-10-24T10:15:43","date_gmt":"2019-10-24T08:15:43","guid":{"rendered":"https:\/\/thecentral.lu\/luxury-apartments-luxembourg-city\/tailored-concierge-services\/"},"modified":"2020-09-29T14:09:27","modified_gmt":"2020-09-29T12:09:27","slug":"zusatzleistungen","status":"publish","type":"page","link":"https:\/\/thecentralapartments.de\/luxury-apartments-luxembourg-city\/zusatzleistungen\/","title":{"rendered":"Zus\u00e4tzliche Leistungen"},"content":{"rendered":"<h1 class=\"page-title\">ZUS\u00c4TZLICHE LEISTUNGEN<\/h1>\n<h2>f\u00fcr eine l\u00fcckenlose Serviceerfahrung unserer G\u00e4ste<\/h2>\n<hr \/>\n<h3><strong>Concierge service\u00a0<\/strong><\/h3>\n<p>Das Rezeptionsb\u00fcro von The Central Luxembourg <strong>ist montags bis freitags von 9.00 bis 18.00 Uhr ge\u00f6ffnet<\/strong>: Unser Concierge ist ein Experte vor Ort und kann Sie bei fast allen Reiseproblemen unterst\u00fctzen. Scheuen Sie sich also nicht zu fragen! Zu den Dingen, die unser Concierge f\u00fcr Sie erledigen kann, geh\u00f6ren:<\/p>\n<ul>\n<li><strong>Unterst\u00fctzung<\/strong> <strong>vor Ihrer Ankunft, indem er Ihnen<\/strong> bei der Planung Ihres ersten Tages behilflich ist, einschlie\u00dflich einer Restaurantreservierung f\u00fcr das Abendessen;<\/li>\n<li>Empfehlungen, wie <strong>Sie g\u00fcnstiger zum Flughafen gelangen<\/strong> , und Organisation , wenn scheinbar keine verf\u00fcgbar ist;<\/li>\n<li><strong>Hilfe beim Feiern<\/strong>, indem Sie Tickets f\u00fcr Shows bekommen, die besten Restaurants\/Happy Hours\/Clubs vorgeschlagen bekommen oder Ihr Apartment f\u00fcr ein Abendessen vorbereitet wird;<\/li>\n<li><strong>die besten Sehensw\u00fcrdigkeiten und Aktivit\u00e4ten vorgeschlagen bekommen<\/strong> , wie Sie diese am besten erleben k\u00f6nnen;<\/li>\n<li><strong>Ihre Arbeit erledigen, indem Sie bei arbeitsbezogenen Aufgaben<\/strong> wie dem Drucken von Dokumenten, dem Einrichten eines Kurierdienstes, dem Versenden von Paketen oder dem Einrichten eines Besprechungsraums Hilfe erhalten;<\/li>\n<li><strong>Empfehlungen f\u00fcr lokale Dienstleister<\/strong> wie Babysitter, Autowerkstatt, Hundeausf\u00fchrer;<\/li>\n<li><strong>Organisation<\/strong> zus\u00e4tzlicher Dienstleistungen wie <strong>Haushaltsf\u00fchrung, Gep\u00e4ckaufbewahrung oder Buchen einer Massage<\/strong> in unserem Wellnessbereich;<\/li>\n<li><strong>Waschen, B\u00fcgeln und Reinigung,<\/strong> damit Sie mehr Freizeit haben.<\/li>\n<\/ul>\n<p>&nbsp;<\/p>\n<h3><strong>Selbst-Check-in rund um die Uhr<\/strong><\/h3>\n<p>Im The Central Luxembourg <strong>k\u00f6nnen G\u00e4ste auf Wunsch die Rezeption komplett \u00fcberspringen<\/strong>. Um einen effektiveren und sympathischeren Check-in zu gew\u00e4hrleisten, bieten wir unseren G\u00e4sten neben der traditionellen Rezeption, die von 9:00 bis 18:00 Uhr ge\u00f6ffnet ist, die M\u00f6glichkeit, rund um die Uhr von ihrem <strong>Smartphone<\/strong> oder von unserem <strong>Selbst-Check-In-Automaten<\/strong> einzuchecken. Mit der <strong>Webanwendung<\/strong> The Central Luxembourg k\u00f6nnen Sie:<\/p>\n<ul>\n<li>Sich sicher anmelden und Ihre Buchung finden<\/li>\n<li>Ein Zimmer-Upgrade vereinbaren<\/li>\n<li>Registrierungskarten ausf\u00fcllen und digital unterschreiben<\/li>\n<li>Vorautorisierung oder direkte Abrechnung Ihrer Kreditkarten<\/li>\n<li>Schl\u00fcsselkarten f\u00fcr das T\u00fcrschloss ausstellen<\/li>\n<\/ul>\n<p>&nbsp;<\/p>\n<h3><strong>Privatkoch<\/strong><\/h3>\n<p>Unsere erfahrenen pers\u00f6nlichen K\u00f6che bieten einen kompletten \u201eRent a Chef\u201c-Service f\u00fcr besondere Anl\u00e4sse.<\/p>\n<p>Privater Kochservice zuhause: Lassen Sie das Kochen jemanden anderen f\u00fcr Sie erledigen!\u00a0 Nur frische, nicht verarbeitete Zutaten vom \u201eErzeuger zum Verbraucher\u201c.<\/p>\n<p>Stellen Sie sich vor, Sie kommen nach Hause und riechen leckeres Essen. Ihr pers\u00f6nlicher Koch ist bereits da und kocht direkt in Ihrer K\u00fcche!<\/p>\n<p>Es ist eine gro\u00dfartige M\u00f6glichkeit, einem Date, Familienessen oder Mittagessen mit Freunden eine frische Note zu verleihen. Unsere K\u00f6che senden Ihnen individuelle Men\u00fcvorschl\u00e4ge zur Auswahl.<\/p>\n<p>Damit Sie sich nur am\u00fcsieren k\u00f6nnen, werden Sie und Ihre G\u00e4ste auch am Tisch bedient und nach dem Essen wird alles wieder abger\u00e4umt!<\/p>\n<p>&nbsp;<\/p>\n<p><strong>Obst- und Gem\u00fcsek\u00f6rbe\u00a0<\/strong><\/p>\n<p>Wohlbefinden beginnt mit einer fruchtigen, vitaminreichen Ern\u00e4hrung: Lassen Sie sich frisches Obst und Gem\u00fcse direkt in Ihr Apartment liefern! Genie\u00dfen Sie die Vorteile und die Energie einer gesunden, reichhaltigen und ausgewogenen Ern\u00e4hrung.<\/p>\n<p>Sie k\u00f6nnen K\u00f6rbe in verschiedenen Gr\u00f6\u00dfen w\u00e4hlen: Jeder Korb wird sorgf\u00e4ltig mit den besten saisonalen Produkten zubereitet und in einer farbenfrohen Anordnung hervorragend pr\u00e4sentiert.<\/p>\n<p>&nbsp;<\/p>\n<h3><strong>Premium Breakfast\u00a0<\/strong><\/h3>\n<p>Vorbei sind die Tage des langweiligen kontinentalen Fr\u00fchst\u00fccks. Stattdessen sagen wir \u201eGuten Morgen\u201c mit frischem, echtem und gesundem Essen, das von unseren ausgew\u00e4hlten Partner-Nachbarcaf\u00e9s angeboten wird.<\/p>\n","protected":false},"excerpt":{"rendered":"<p>ZUS\u00c4TZLICHE LEISTUNGEN f\u00fcr eine l\u00fcckenlose Serviceerfahrung unserer G\u00e4ste Concierge service\u00a0 Das Rezeptionsb\u00fcro von The Central Luxembourg ist montags bis freitags von 9.00 bis 18.00 Uhr ge\u00f6ffnet: Unser Concierge ist ein Experte vor Ort und kann Sie bei fast allen Reiseproblemen unterst\u00fctzen. Scheuen Sie sich also nicht zu fragen! Zu den Dingen, die unser Concierge f\u00fcr [&hellip;]<\/p>\n","protected":false},"author":1,"featured_media":0,"parent":0,"menu_order":70,"comment_status":"closed","ping_status":"closed","template":"template-SimpleText.php","meta":[],"acf":[],"yoast_head":"<!-- This site is optimized with the Yoast SEO plugin v20.8 - https:\/\/yoast.com\/wordpress\/plugins\/seo\/ -->\n<title>Luxuri\u00f6se Unterkunft in Luxemburg | Selbst-Check-In rund um die Uhr| Concierge-Service<\/title>\n<meta name=\"description\" content=\"Der ma\u00dfgeschneiderte G\u00e4steservice der The Central Unterkunft in Luxemburg umfasst Selbst-Check-in mit digitalem Schl\u00fcssel, Concierge-Service, Fr\u00fchst\u00fcckslieferung, Privatkoch und vieles mehr.\" \/>\n<meta name=\"robots\" content=\"index, follow, max-snippet:-1, max-image-preview:large, max-video-preview:-1\" \/>\n<link rel=\"canonical\" href=\"https:\/\/thecentralapartments.de\/luxury-apartments-luxembourg-city\/zusatzleistungen\/\" \/>\n<meta property=\"og:locale\" content=\"de_DE\" \/>\n<meta property=\"og:type\" content=\"article\" \/>\n<meta property=\"og:title\" content=\"Luxuri\u00f6se Unterkunft in Luxemburg | Selbst-Check-In rund um die Uhr| Concierge-Service\" \/>\n<meta property=\"og:description\" content=\"Der ma\u00dfgeschneiderte G\u00e4steservice der The Central Unterkunft in Luxemburg umfasst Selbst-Check-in mit digitalem Schl\u00fcssel, Concierge-Service, Fr\u00fchst\u00fcckslieferung, Privatkoch und vieles mehr.\" \/>\n<meta property=\"og:url\" content=\"https:\/\/thecentralapartments.de\/luxury-apartments-luxembourg-city\/zusatzleistungen\/\" \/>\n<meta property=\"og:site_name\" content=\"The Central Luxembourg City\" \/>\n<meta property=\"article:modified_time\" content=\"2020-09-29T12:09:27+00:00\" \/>\n<meta name=\"twitter:card\" content=\"summary_large_image\" \/>\n<meta name=\"twitter:label1\" content=\"Gesch\u00e4tzte Lesezeit\" \/>\n\t<meta name=\"twitter:data1\" content=\"3 Minuten\" \/>\n<script type=\"application\/ld+json\" class=\"yoast-schema-graph\">{\"@context\":\"https:\/\/schema.org\",\"@graph\":[{\"@type\":\"WebPage\",\"@id\":\"https:\/\/thecentralapartments.de\/luxury-apartments-luxembourg-city\/zusatzleistungen\/\",\"url\":\"https:\/\/thecentralapartments.de\/luxury-apartments-luxembourg-city\/zusatzleistungen\/\",\"name\":\"Luxuri\u00f6se Unterkunft in Luxemburg | Selbst-Check-In rund um die Uhr| Concierge-Service\",\"isPartOf\":{\"@id\":\"https:\/\/thecentralapartments.de\/luxury-apartments-luxembourg-city\/#website\"},\"datePublished\":\"2019-10-24T08:15:43+00:00\",\"dateModified\":\"2020-09-29T12:09:27+00:00\",\"description\":\"Der ma\u00dfgeschneiderte G\u00e4steservice der The Central Unterkunft in Luxemburg umfasst Selbst-Check-in mit digitalem Schl\u00fcssel, Concierge-Service, Fr\u00fchst\u00fcckslieferung, Privatkoch und vieles mehr.\",\"inLanguage\":\"de-DE\",\"potentialAction\":[{\"@type\":\"ReadAction\",\"target\":[\"https:\/\/thecentralapartments.de\/luxury-apartments-luxembourg-city\/zusatzleistungen\/\"]}]},{\"@type\":\"WebSite\",\"@id\":\"https:\/\/thecentralapartments.de\/luxury-apartments-luxembourg-city\/#website\",\"url\":\"https:\/\/thecentralapartments.de\/luxury-apartments-luxembourg-city\/\",\"name\":\"The Central Luxembourg City\",\"description\":\"The Central Luxembourg City\",\"publisher\":{\"@id\":\"https:\/\/thecentralapartments.de\/luxury-apartments-luxembourg-city\/#organization\"},\"potentialAction\":[{\"@type\":\"SearchAction\",\"target\":{\"@type\":\"EntryPoint\",\"urlTemplate\":\"https:\/\/thecentralapartments.de\/luxury-apartments-luxembourg-city\/?s={search_term_string}\"},\"query-input\":\"required name=search_term_string\"}],\"inLanguage\":\"de-DE\"},{\"@type\":\"Organization\",\"@id\":\"https:\/\/thecentralapartments.de\/luxury-apartments-luxembourg-city\/#organization\",\"name\":\"The Central Luxembourg City\",\"url\":\"https:\/\/thecentralapartments.de\/luxury-apartments-luxembourg-city\/\",\"logo\":{\"@type\":\"ImageObject\",\"inLanguage\":\"de-DE\",\"@id\":\"https:\/\/thecentralapartments.de\/luxury-apartments-luxembourg-city\/#\/schema\/logo\/image\/\",\"url\":\"https:\/\/thecentralapartments.de\/luxury-apartments-luxembourg-city\/wp-content\/uploads\/2019\/06\/logo_the_central.png\",\"contentUrl\":\"https:\/\/thecentralapartments.de\/luxury-apartments-luxembourg-city\/wp-content\/uploads\/2019\/06\/logo_the_central.png\",\"width\":220,\"height\":60,\"caption\":\"The Central Luxembourg City\"},\"image\":{\"@id\":\"https:\/\/thecentralapartments.de\/luxury-apartments-luxembourg-city\/#\/schema\/logo\/image\/\"}}]}<\/script>\n<!-- \/ Yoast SEO plugin. -->","yoast_head_json":{"title":"Luxuri\u00f6se Unterkunft in Luxemburg | Selbst-Check-In rund um die Uhr| Concierge-Service","description":"Der ma\u00dfgeschneiderte G\u00e4steservice der The Central Unterkunft in Luxemburg umfasst Selbst-Check-in mit digitalem Schl\u00fcssel, Concierge-Service, Fr\u00fchst\u00fcckslieferung, Privatkoch und vieles mehr.","robots":{"index":"index","follow":"follow","max-snippet":"max-snippet:-1","max-image-preview":"max-image-preview:large","max-video-preview":"max-video-preview:-1"},"canonical":"https:\/\/thecentralapartments.de\/luxury-apartments-luxembourg-city\/zusatzleistungen\/","og_locale":"de_DE","og_type":"article","og_title":"Luxuri\u00f6se Unterkunft in Luxemburg | Selbst-Check-In rund um die Uhr| Concierge-Service","og_description":"Der ma\u00dfgeschneiderte G\u00e4steservice der The Central Unterkunft in Luxemburg umfasst Selbst-Check-in mit digitalem Schl\u00fcssel, Concierge-Service, Fr\u00fchst\u00fcckslieferung, Privatkoch und vieles mehr.","og_url":"https:\/\/thecentralapartments.de\/luxury-apartments-luxembourg-city\/zusatzleistungen\/","og_site_name":"The Central Luxembourg City","article_modified_time":"2020-09-29T12:09:27+00:00","twitter_card":"summary_large_image","twitter_misc":{"Gesch\u00e4tzte Lesezeit":"3 Minuten"},"schema":{"@context":"https:\/\/schema.org","@graph":[{"@type":"WebPage","@id":"https:\/\/thecentralapartments.de\/luxury-apartments-luxembourg-city\/zusatzleistungen\/","url":"https:\/\/thecentralapartments.de\/luxury-apartments-luxembourg-city\/zusatzleistungen\/","name":"Luxuri\u00f6se Unterkunft in Luxemburg | Selbst-Check-In rund um die Uhr| Concierge-Service","isPartOf":{"@id":"https:\/\/thecentralapartments.de\/luxury-apartments-luxembourg-city\/#website"},"datePublished":"2019-10-24T08:15:43+00:00","dateModified":"2020-09-29T12:09:27+00:00","description":"Der ma\u00dfgeschneiderte G\u00e4steservice der The Central Unterkunft in Luxemburg umfasst Selbst-Check-in mit digitalem Schl\u00fcssel, Concierge-Service, Fr\u00fchst\u00fcckslieferung, Privatkoch und vieles mehr.","inLanguage":"de-DE","potentialAction":[{"@type":"ReadAction","target":["https:\/\/thecentralapartments.de\/luxury-apartments-luxembourg-city\/zusatzleistungen\/"]}]},{"@type":"WebSite","@id":"https:\/\/thecentralapartments.de\/luxury-apartments-luxembourg-city\/#website","url":"https:\/\/thecentralapartments.de\/luxury-apartments-luxembourg-city\/","name":"The Central Luxembourg City","description":"The Central Luxembourg City","publisher":{"@id":"https:\/\/thecentralapartments.de\/luxury-apartments-luxembourg-city\/#organization"},"potentialAction":[{"@type":"SearchAction","target":{"@type":"EntryPoint","urlTemplate":"https:\/\/thecentralapartments.de\/luxury-apartments-luxembourg-city\/?s={search_term_string}"},"query-input":"required name=search_term_string"}],"inLanguage":"de-DE"},{"@type":"Organization","@id":"https:\/\/thecentralapartments.de\/luxury-apartments-luxembourg-city\/#organization","name":"The Central Luxembourg City","url":"https:\/\/thecentralapartments.de\/luxury-apartments-luxembourg-city\/","logo":{"@type":"ImageObject","inLanguage":"de-DE","@id":"https:\/\/thecentralapartments.de\/luxury-apartments-luxembourg-city\/#\/schema\/logo\/image\/","url":"https:\/\/thecentralapartments.de\/luxury-apartments-luxembourg-city\/wp-content\/uploads\/2019\/06\/logo_the_central.png","contentUrl":"https:\/\/thecentralapartments.de\/luxury-apartments-luxembourg-city\/wp-content\/uploads\/2019\/06\/logo_the_central.png","width":220,"height":60,"caption":"The Central Luxembourg City"},"image":{"@id":"https:\/\/thecentralapartments.de\/luxury-apartments-luxembourg-city\/#\/schema\/logo\/image\/"}}]}},"_links":{"self":[{"href":"https:\/\/thecentralapartments.de\/luxury-apartments-luxembourg-city\/wp-json\/wp\/v2\/pages\/3167"}],"collection":[{"href":"https:\/\/thecentralapartments.de\/luxury-apartments-luxembourg-city\/wp-json\/wp\/v2\/pages"}],"about":[{"href":"https:\/\/thecentralapartments.de\/luxury-apartments-luxembourg-city\/wp-json\/wp\/v2\/types\/page"}],"author":[{"embeddable":true,"href":"https:\/\/thecentralapartments.de\/luxury-apartments-luxembourg-city\/wp-json\/wp\/v2\/users\/1"}],"replies":[{"embeddable":true,"href":"https:\/\/thecentralapartments.de\/luxury-apartments-luxembourg-city\/wp-json\/wp\/v2\/comments?post=3167"}],"version-history":[{"count":3,"href":"https:\/\/thecentralapartments.de\/luxury-apartments-luxembourg-city\/wp-json\/wp\/v2\/pages\/3167\/revisions"}],"predecessor-version":[{"id":3180,"href":"https:\/\/thecentralapartments.de\/luxury-apartments-luxembourg-city\/wp-json\/wp\/v2\/pages\/3167\/revisions\/3180"}],"wp:attachment":[{"href":"https:\/\/thecentralapartments.de\/luxury-apartments-luxembourg-city\/wp-json\/wp\/v2\/media?parent=3167"}],"curies":[{"name":"wp","href":"https:\/\/api.w.org\/{rel}","templated":true}]}}