{"id":3161,"date":"2019-09-09T16:10:47","date_gmt":"2019-09-09T14:10:47","guid":{"rendered":"https:\/\/thecentral.lu\/luxury-apartments-luxembourg-city\/parking-luxembourg-city\/"},"modified":"2021-01-25T14:10:06","modified_gmt":"2021-01-25T13:10:06","slug":"luxemburg-parken","status":"publish","type":"page","link":"https:\/\/thecentralapartments.de\/luxury-apartments-luxembourg-city\/luxemburg-parken\/","title":{"rendered":"Reservierter Privatparkplatz"},"content":{"rendered":"","protected":false},"excerpt":{"rendered":"","protected":false},"author":1,"featured_media":0,"parent":0,"menu_order":60,"comment_status":"closed","ping_status":"closed","template":"template-ServicesLong.php","meta":[],"acf":[],"yoast_head":"<!-- This site is optimized with the Yoast SEO plugin v20.8 - https:\/\/yoast.com\/wordpress\/plugins\/seo\/ -->\n<title>Parken in Luxemburg| Reservierter Parkplatz im Stadtteil Gare<\/title>\n<meta name=\"description\" content=\"The Central Luxembourg bietet 30 \u00fcberdachte und \u00fcberwachte Privatparkpl\u00e4tze - Reservieren Sie Ihren f\u00fcr nur einen Tag oder ein ganzes Jahr!\" \/>\n<meta name=\"robots\" content=\"index, follow, max-snippet:-1, max-image-preview:large, max-video-preview:-1\" \/>\n<link rel=\"canonical\" href=\"https:\/\/thecentralapartments.de\/luxury-apartments-luxembourg-city\/luxemburg-parken\/\" \/>\n<meta property=\"og:locale\" content=\"de_DE\" \/>\n<meta property=\"og:type\" content=\"article\" \/>\n<meta property=\"og:title\" content=\"Parken in Luxemburg| Reservierter Parkplatz im Stadtteil Gare\" \/>\n<meta property=\"og:description\" content=\"The Central Luxembourg bietet 30 \u00fcberdachte und \u00fcberwachte Privatparkpl\u00e4tze - Reservieren Sie Ihren f\u00fcr nur einen Tag oder ein ganzes Jahr!\" \/>\n<meta property=\"og:url\" content=\"https:\/\/thecentralapartments.de\/luxury-apartments-luxembourg-city\/luxemburg-parken\/\" \/>\n<meta property=\"og:site_name\" content=\"The Central Luxembourg City\" \/>\n<meta property=\"article:modified_time\" content=\"2021-01-25T13:10:06+00:00\" \/>\n<meta name=\"twitter:card\" content=\"summary_large_image\" \/>\n<script type=\"application\/ld+json\" class=\"yoast-schema-graph\">{\"@context\":\"https:\/\/schema.org\",\"@graph\":[{\"@type\":\"WebPage\",\"@id\":\"https:\/\/thecentralapartments.de\/luxury-apartments-luxembourg-city\/luxemburg-parken\/\",\"url\":\"https:\/\/thecentralapartments.de\/luxury-apartments-luxembourg-city\/luxemburg-parken\/\",\"name\":\"Parken in Luxemburg| Reservierter Parkplatz im Stadtteil Gare\",\"isPartOf\":{\"@id\":\"https:\/\/thecentralapartments.de\/luxury-apartments-luxembourg-city\/#website\"},\"datePublished\":\"2019-09-09T14:10:47+00:00\",\"dateModified\":\"2021-01-25T13:10:06+00:00\",\"description\":\"The Central Luxembourg bietet 30 \u00fcberdachte und \u00fcberwachte Privatparkpl\u00e4tze - Reservieren Sie Ihren f\u00fcr nur einen Tag oder ein ganzes Jahr!\",\"inLanguage\":\"de-DE\",\"potentialAction\":[{\"@type\":\"ReadAction\",\"target\":[\"https:\/\/thecentralapartments.de\/luxury-apartments-luxembourg-city\/luxemburg-parken\/\"]}]},{\"@type\":\"WebSite\",\"@id\":\"https:\/\/thecentralapartments.de\/luxury-apartments-luxembourg-city\/#website\",\"url\":\"https:\/\/thecentralapartments.de\/luxury-apartments-luxembourg-city\/\",\"name\":\"The Central Luxembourg City\",\"description\":\"The Central Luxembourg City\",\"publisher\":{\"@id\":\"https:\/\/thecentralapartments.de\/luxury-apartments-luxembourg-city\/#organization\"},\"potentialAction\":[{\"@type\":\"SearchAction\",\"target\":{\"@type\":\"EntryPoint\",\"urlTemplate\":\"https:\/\/thecentralapartments.de\/luxury-apartments-luxembourg-city\/?s={search_term_string}\"},\"query-input\":\"required name=search_term_string\"}],\"inLanguage\":\"de-DE\"},{\"@type\":\"Organization\",\"@id\":\"https:\/\/thecentralapartments.de\/luxury-apartments-luxembourg-city\/#organization\",\"name\":\"The Central Luxembourg City\",\"url\":\"https:\/\/thecentralapartments.de\/luxury-apartments-luxembourg-city\/\",\"logo\":{\"@type\":\"ImageObject\",\"inLanguage\":\"de-DE\",\"@id\":\"https:\/\/thecentralapartments.de\/luxury-apartments-luxembourg-city\/#\/schema\/logo\/image\/\",\"url\":\"https:\/\/thecentralapartments.de\/luxury-apartments-luxembourg-city\/wp-content\/uploads\/2019\/06\/logo_the_central.png\",\"contentUrl\":\"https:\/\/thecentralapartments.de\/luxury-apartments-luxembourg-city\/wp-content\/uploads\/2019\/06\/logo_the_central.png\",\"width\":220,\"height\":60,\"caption\":\"The Central Luxembourg City\"},\"image\":{\"@id\":\"https:\/\/thecentralapartments.de\/luxury-apartments-luxembourg-city\/#\/schema\/logo\/image\/\"}}]}<\/script>\n<!-- \/ Yoast SEO plugin. -->","yoast_head_json":{"title":"Parken in Luxemburg| Reservierter Parkplatz im Stadtteil Gare","description":"The Central Luxembourg bietet 30 \u00fcberdachte und \u00fcberwachte Privatparkpl\u00e4tze - Reservieren Sie Ihren f\u00fcr nur einen Tag oder ein ganzes Jahr!","robots":{"index":"index","follow":"follow","max-snippet":"max-snippet:-1","max-image-preview":"max-image-preview:large","max-video-preview":"max-video-preview:-1"},"canonical":"https:\/\/thecentralapartments.de\/luxury-apartments-luxembourg-city\/luxemburg-parken\/","og_locale":"de_DE","og_type":"article","og_title":"Parken in Luxemburg| Reservierter Parkplatz im Stadtteil Gare","og_description":"The Central Luxembourg bietet 30 \u00fcberdachte und \u00fcberwachte Privatparkpl\u00e4tze - Reservieren Sie Ihren f\u00fcr nur einen Tag oder ein ganzes Jahr!","og_url":"https:\/\/thecentralapartments.de\/luxury-apartments-luxembourg-city\/luxemburg-parken\/","og_site_name":"The Central Luxembourg City","article_modified_time":"2021-01-25T13:10:06+00:00","twitter_card":"summary_large_image","schema":{"@context":"https:\/\/schema.org","@graph":[{"@type":"WebPage","@id":"https:\/\/thecentralapartments.de\/luxury-apartments-luxembourg-city\/luxemburg-parken\/","url":"https:\/\/thecentralapartments.de\/luxury-apartments-luxembourg-city\/luxemburg-parken\/","name":"Parken in Luxemburg| Reservierter Parkplatz im Stadtteil Gare","isPartOf":{"@id":"https:\/\/thecentralapartments.de\/luxury-apartments-luxembourg-city\/#website"},"datePublished":"2019-09-09T14:10:47+00:00","dateModified":"2021-01-25T13:10:06+00:00","description":"The Central Luxembourg bietet 30 \u00fcberdachte und \u00fcberwachte Privatparkpl\u00e4tze - Reservieren Sie Ihren f\u00fcr nur einen Tag oder ein ganzes Jahr!","inLanguage":"de-DE","potentialAction":[{"@type":"ReadAction","target":["https:\/\/thecentralapartments.de\/luxury-apartments-luxembourg-city\/luxemburg-parken\/"]}]},{"@type":"WebSite","@id":"https:\/\/thecentralapartments.de\/luxury-apartments-luxembourg-city\/#website","url":"https:\/\/thecentralapartments.de\/luxury-apartments-luxembourg-city\/","name":"The Central Luxembourg City","description":"The Central Luxembourg City","publisher":{"@id":"https:\/\/thecentralapartments.de\/luxury-apartments-luxembourg-city\/#organization"},"potentialAction":[{"@type":"SearchAction","target":{"@type":"EntryPoint","urlTemplate":"https:\/\/thecentralapartments.de\/luxury-apartments-luxembourg-city\/?s={search_term_string}"},"query-input":"required name=search_term_string"}],"inLanguage":"de-DE"},{"@type":"Organization","@id":"https:\/\/thecentralapartments.de\/luxury-apartments-luxembourg-city\/#organization","name":"The Central Luxembourg City","url":"https:\/\/thecentralapartments.de\/luxury-apartments-luxembourg-city\/","logo":{"@type":"ImageObject","inLanguage":"de-DE","@id":"https:\/\/thecentralapartments.de\/luxury-apartments-luxembourg-city\/#\/schema\/logo\/image\/","url":"https:\/\/thecentralapartments.de\/luxury-apartments-luxembourg-city\/wp-content\/uploads\/2019\/06\/logo_the_central.png","contentUrl":"https:\/\/thecentralapartments.de\/luxury-apartments-luxembourg-city\/wp-content\/uploads\/2019\/06\/logo_the_central.png","width":220,"height":60,"caption":"The Central Luxembourg City"},"image":{"@id":"https:\/\/thecentralapartments.de\/luxury-apartments-luxembourg-city\/#\/schema\/logo\/image\/"}}]}},"_links":{"self":[{"href":"https:\/\/thecentralapartments.de\/luxury-apartments-luxembourg-city\/wp-json\/wp\/v2\/pages\/3161"}],"collection":[{"href":"https:\/\/thecentralapartments.de\/luxury-apartments-luxembourg-city\/wp-json\/wp\/v2\/pages"}],"about":[{"href":"https:\/\/thecentralapartments.de\/luxury-apartments-luxembourg-city\/wp-json\/wp\/v2\/types\/page"}],"author":[{"embeddable":true,"href":"https:\/\/thecentralapartments.de\/luxury-apartments-luxembourg-city\/wp-json\/wp\/v2\/users\/1"}],"replies":[{"embeddable":true,"href":"https:\/\/thecentralapartments.de\/luxury-apartments-luxembourg-city\/wp-json\/wp\/v2\/comments?post=3161"}],"version-history":[{"count":9,"href":"https:\/\/thecentralapartments.de\/luxury-apartments-luxembourg-city\/wp-json\/wp\/v2\/pages\/3161\/revisions"}],"predecessor-version":[{"id":8598,"href":"https:\/\/thecentralapartments.de\/luxury-apartments-luxembourg-city\/wp-json\/wp\/v2\/pages\/3161\/revisions\/8598"}],"wp:attachment":[{"href":"https:\/\/thecentralapartments.de\/luxury-apartments-luxembourg-city\/wp-json\/wp\/v2\/media?parent=3161"}],"curies":[{"name":"wp","href":"https:\/\/api.w.org\/{rel}","templated":true}]}}